the highest common divisor of 42 and k?
6
Let v be ((-20)/(-15))/((-2)/300*-5). Suppose 0 = v*b + 186 - 1146. Let j = 2 - -4. What is the greatest common factor of j and b?
6
Let k(j) = j**2 + 5*j + 14. Let i be k(-3). Suppose -1 + 6 = a + 4*p, -a - p = -8. Suppose a*q = 93 + 51. Calculate the highest common factor of i and q.
8
Let k = 356 - -354. Suppose 3*i = -4*v + 400, -5*i + k = -2*v - 0*v. Calculate the greatest common divisor of 60 and i.
20
Suppose 286 = -5*w - 299. Let b = 123 + w. Calculate the greatest common divisor of b and 9.
3
Let t(a) = 24*a**2 - 74*a - 530. Let u be t(-13). What is the greatest common factor of 272 and u?
136
Suppose -3*m = -3*r - 93, -60*m - 3*r = -56*m - 96. Let t be (-2163)/(-12) - 3/12 - 0. Calculate the greatest common factor of m and t.
9
Suppose 4592 = -1337*i + 1351*i. What is the highest common divisor of i and 32?
8
Let n = 3659 - 482. Calculate the greatest common divisor of 63 and n.
9
Let i = -4985 - -5013. What is the greatest common factor of i and 832?
4
Let c be -3*(0 + 82/(-6)). Let k = c + 26. Calculate the highest common divisor of k and 268.
67
Suppose 5*t + 438 - 632 = -k, -5*t + 5 = 0. Calculate the highest common divisor of k and 1647.
27
Suppose 25*t + 294 = 32*t. Let y = -1637 + 2288. Calculate the greatest common factor of y and t.
21
Let i(x) = -39*x - 11. Let j be i(2). Let w = j + 100. What is the highest common factor of 187 and w?
11
Let a(y) = 32*y**2 - 2*y - 1. Let j be a(-1). Suppose 4*w = -2*c + 398, 3*c - 5*w - 380 = 206. Let r = 34 + c. Calculate the highest common divisor of r and j.
33
Suppose 9 = 8*s - 287. Suppose -s*b = -2450 - 2212. What is the greatest common divisor of b and 12?
6
Let i(t) = -t - 2. Let z be i(-6). Suppose 138*o = 391*o - 17204. What is the greatest common divisor of z and o?
4
Let w = -73 - -232. Let r be w/33 + (-2 - (-120)/55). Let l = 98 + -73. Calculate the highest common divisor of l and r.
5
Let l(x) = 2*x**3 + 13*x**2 - 29*x - 171. Let d be l(-6). Calculate the highest common divisor of d and 42.
3
Let s be (-4)/(2/(-1)) - 51/(-3). Suppose -s = -3*t + 4*v, -3*t = 3*v - 32 - 22. What is the greatest common divisor of t and 403?
13
Suppose 22*o - 5*j + 10 = 17*o, 0 = 3*j. Let x be -15 - -190 - (-7 - o). What is the greatest common divisor of x and 24?
12
Let f = -11477 - -11767. Calculate the greatest common divisor of 1566 and f.
58
Let v(x) = -3*x + 9. Let s be v(3). Let j be (s - (0 + 2))*8. Let f = -6 - j. What is the greatest common divisor of f and 2?
2
Suppose 787 = -2*j + 4*w + 151, j = 5*w - 306. Let d be (-4)/(-6) + (-1060)/6. Let c = d - j. What is the greatest common factor of 30 and c?
30
Suppose 39*r + 2916 = 48*r. Let u = 344 - r. Calculate the highest common factor of 20 and u.
20
Suppose 102 = -v + 3*y - 20, 0 = -5*y - 15. Let b = v - -161. Calculate the highest common divisor of 12 and b.
6
Let w(x) = x**2 - 4*x - 3. Let l be w(5). Suppose -4*n = a - l*n - 10, 5*a - 5*n = 5. Suppose -3*p = -a*p + 12. Calculate the highest common factor of p and 8.
4
Suppose -12*w - 75 = -17*w. Let u = -12 + w. Suppose -u*y = -24 - 30. What is the highest common factor of 3 and y?
3
Suppose -224 = 2*o + 2*u + 164, -4*o + u - 781 = 0. Let q = o + 215. Let i be 23 + 0 + -5 + 2. Calculate the highest common divisor of q and i.
20
Let t be 120/(-1260) - 107/(-21). What is the greatest common factor of t and 920?
5
Suppose 6*s - 315 = 3*s. Let l = -40642 + 40777. What is the greatest common factor of l and s?
15
Suppose 25 = 5*l + 5*u, 2*l + 13 = 2*u + 19. Let d(c) = -c**2 + 14*c - 33. Let b be d(5). Calculate the highest common divisor of l and b.
4
Suppose -35*z = -39*z. Let v be z/(5 + 0 + -3). Let f be 3/(-1) + v - -201. Calculate the greatest common factor of 22 and f.
22
Suppose 10*x = -20 + 50. Suppose -6*i + x = -15. Let p(c) = 3*c**2 - 3*c - 2. Let n be p(i). Calculate the highest common factor of 16 and n.
16
Let n = 14 + -7. Let j(l) = -78*l**2 + 5383*l - 34. Let v be j(69). Calculate the greatest common divisor of v and n.
7
Let i(x) = x**3 + 28*x**2 - 391*x + 71. Let f be i(-38). Calculate the greatest common factor of 1793 and f.
163
Suppose 1854*v = 1869*v - 285. Suppose -2*u = -189 - 1. Calculate the highest common divisor of v and u.
19
Suppose 2*t + 2164 = x, -3*x = 1068*t - 1069*t - 6522. Calculate the highest common factor of 736 and x.
32
Let p(x) = -2*x + 21. Let i be p(8). Suppose -5*q = i*q - 30. Suppose 8 = k + q*c, -k + 0*k - c = -18. What is the greatest common divisor of k and 46?
23
Let i(c) = -4 + 16 + 2*c + 1. Let s be i(-7). Let x be 60 - (-8 - -4 - s). Calculate the highest common factor of 9 and x.
9
Suppose 0 = -3*n + 4*n - 652. Suppose 3*y - n - 383 = 0. Suppose -2*s + 27 = -y. What is the highest common factor of 124 and s?
62
Suppose 3*i = 5*t - 21302, -51*t - 2*i - 4252 = -52*t. Calculate the greatest common divisor of t and 104.
104
Suppose 174 = 3*i - 3*s, 6*i + 6*s = s + 326. Suppose -2*y + 378 = y. Let j = y - i. Calculate the greatest common factor of 28 and j.
14
Let v(g) = g**3 - 18*g**2 - 37*g - 38. Suppose 4*b - 6*w = -w + 80, -5*b - 4*w + 100 = 0. Let u be v(b). What is the highest common divisor of 319 and u?
11
Let o be (5/30 - 250/60)*-46. What is the greatest common divisor of o and 391?
23
Let y(q) = -q**3 + 5*q**2 - q - 5. Let j be y(-4). Let k = -3387 + 3413. Calculate the highest common divisor of k and j.
13
Let c be 462 + 13 + 81/(-3). Let a be (-253)/(-3) + (-2)/6. Calculate the highest common factor of c and a.
28
Let f(v) = v**3 + 90*v**2 - 85*v + 554. Let h be f(-91). Calculate the highest common divisor of h and 2804.
4
Let u be ((-2)/(-5))/((-2)/(-70)). Let g(n) be the third derivative of n**4/12 - 3*n**3/2 - n**2. Let w be g(15). What is the greatest common factor of w and u?
7
Let o = -176 - -180. Suppose 4*p = -5*q + 492, 106 = o*q - 3*q - 3*p. Calculate the greatest common factor of 10 and q.
10
Let y(v) = -v**2 + 48*v + 209. Let t be y(-4). What is the highest common factor of t and 41?
1
Let o(c) = -131*c + 1882. Let s be o(14). What is the greatest common divisor of s and 8100?
12
Let n(g) = g**2 - 36*g + 47. Let p be n(35). Suppose -o = -7*o + p. What is the greatest common factor of o and 14?
2
Let g(k) = -8*k**2 - 23*k - 3. Let l(r) = 6*r**2 + 24*r + 2. Let d(q) = 2*g(q) + 3*l(q). Let c be d(-16). Calculate the highest common factor of 6 and c.
6
Let z be (-59 - -1)*24/(-48). Suppose -m + 112 = -l - l, 2*l - 352 = -3*m. What is the highest common divisor of m and z?
29
Let i be (-36)/27 + (-16 - -11)*(-256)/15. Calculate the highest common factor of 1092 and i.
84
Let g = -3381 + 3458. Calculate the greatest common factor of 259 and g.
7
Let b = 86 - 68. Let p = -28 + 45. Suppose p*s - 12*s = 225. What is the highest common divisor of s and b?
9
Let f = 5546 + -5291. What is the greatest common factor of f and 2448?
51
Suppose 2*f - 10 = 68. Let g = f + -36. Let o = g + 5. Calculate the highest common divisor of o and 24.
8
Suppose 2*s + 3*a = -a + 106, 5*a = -3*s + 155. Let d = 4 + 4. Suppose -3*p + d = -7. Calculate the highest common divisor of s and p.
5
Let j(x) = -5*x**2 - 12*x + 21. Let u be j(2). Let l = -7 - u. Calculate the highest common divisor of l and 96.
16
Let a = -35 - -83. Let w = a - 51. Let i be (144/(-7))/(w*6/126). What is the greatest common factor of 18 and i?
18
Let w = 2771 + -2735. Calculate the greatest common factor of w and 204.
12
Let v(p) = -7*p + 191. Let n be v(20). Suppose 7*u - n = 229. Calculate the greatest common divisor of u and 520.
40
Suppose 3*y - 42 - 32 = 5*j, -4*y - 2*j = -116. Suppose 0 = c + k - y, 3*c - 19 = -k + 71. What is the greatest common factor of 496 and c?
31
Suppose -r - 5*p = -10, 7*r - 30 = 4*r + p. Let l be (-22)/(-55)*(-1 + 101). Suppose -l = y - 5*y. Calculate the highest common factor of y and r.
10
Let d be (-40)/6*(4 - (-77)/(-7) - -1). What is the highest common factor of d and 290?
10
Let p be 4/(-14) - 8/((-112)/18). Let s be 20/15*15 + (p - 0). Calculate the highest common factor of s and 28.
7
Suppose 463*k - 24894 = -46*k + 48*k. Calculate the highest common factor of k and 522.
18
Let u(x) = 32 - 2*x + 3 - 21. Let d = -25 - -16. Let h be u(d). What is the highest common factor of 16 and h?
16
Su